[INFO] fetching crate lightfield_loader 0.3.0...
[INFO] checking lightfield_loader-0.3.0 against master#9610dfe5a9a731ced1ea4923ecbd0c57fe367898 for beta-170-4
[INFO] extracting crate lightfield_loader 0.3.0 into /workspace/builds/worker-4-tc1/source
[INFO] validating manifest of crates.io crate lightfield_loader 0.3.0 on toolchain 9610dfe5a9a731ced1ea4923ecbd0c57fe367898
[INFO] running `Command { std: CARGO_HOME="/workspace/cargo-home" RUSTUP_HOME="/workspace/rustup-home" "/workspace/cargo-home/bin/cargo" "+9610dfe5a9a731ced1ea4923ecbd0c57fe367898" "metadata" "--manifest-path" "Cargo.toml" "--no-deps", kill_on_drop: false }`
[INFO] started tweaking crates.io crate lightfield_loader 0.3.0
[INFO] finished tweaking crates.io crate lightfield_loader 0.3.0
[INFO] tweaked toml for crates.io crate lightfield_loader 0.3.0 written to /workspace/builds/worker-4-tc1/source/Cargo.toml
[INFO] running `Command { std: CARGO_HOME="/workspace/cargo-home" RUSTUP_HOME="/workspace/rustup-home" __CARGO_TEST_CHANNEL_OVERRIDE_DO_NOT_USE_THIS="nightly" "/workspace/cargo-home/bin/cargo" "+9610dfe5a9a731ced1ea4923ecbd0c57fe367898" "generate-lockfile" "--manifest-path" "Cargo.toml" "-Zno-index-update", kill_on_drop: false }`
[INFO] running `Command { std: CARGO_HOME="/workspace/cargo-home" RUSTUP_HOME="/workspace/rustup-home" "/workspace/cargo-home/bin/cargo" "+9610dfe5a9a731ced1ea4923ecbd0c57fe367898" "fetch" "--manifest-path" "Cargo.toml", kill_on_drop: false }`
[INFO] [stderr]  Downloading crates ...
[INFO] [stderr]   Downloaded podio v0.1.7
[INFO] [stderr]   Downloaded zip v0.1.19
[INFO] [stderr]   Downloaded cgmath v0.9.1
[INFO] running `Command { std: "docker" "create" "-v" "/var/lib/crater-agent-workspace/builds/worker-4-tc1/target:/opt/rustwide/target:rw,Z" "-v" "/var/lib/crater-agent-workspace/builds/worker-4-tc1/source:/opt/rustwide/workdir:ro,Z" "-v" "/var/lib/crater-agent-workspace/cargo-home:/opt/rustwide/cargo-home:ro,Z" "-v" "/var/lib/crater-agent-workspace/rustup-home:/opt/rustwide/rustup-home:ro,Z" "-e" "SOURCE_DIR=/opt/rustwide/workdir" "-e" "CARGO_TARGET_DIR=/opt/rustwide/target" "-e" "CARGO_HOME=/opt/rustwide/cargo-home" "-e" "RUSTUP_HOME=/opt/rustwide/rustup-home" "-w" "/opt/rustwide/workdir" "-m" "1610612736" "--user" "0:0" "--network" "none" "ghcr.io/rust-lang/crates-build-env/linux@sha256:19e73879b68f455e41552ea35293514db52ea292d993f571636dbffedb77a1ee" "/opt/rustwide/cargo-home/bin/cargo" "+9610dfe5a9a731ced1ea4923ecbd0c57fe367898" "metadata" "--no-deps" "--format-version=1", kill_on_drop: false }`
[INFO] [stdout] bbc068e3daf1aee2d4b793ee7db1ce38354ed479b0f19ae6f6419f87754083e1
[INFO] running `Command { std: "docker" "start" "-a" "bbc068e3daf1aee2d4b793ee7db1ce38354ed479b0f19ae6f6419f87754083e1", kill_on_drop: false }`
[INFO] running `Command { std: "docker" "inspect" "bbc068e3daf1aee2d4b793ee7db1ce38354ed479b0f19ae6f6419f87754083e1", kill_on_drop: false }`
[INFO] running `Command { std: "docker" "rm" "-f" "bbc068e3daf1aee2d4b793ee7db1ce38354ed479b0f19ae6f6419f87754083e1", kill_on_drop: false }`
[INFO] [stdout] bbc068e3daf1aee2d4b793ee7db1ce38354ed479b0f19ae6f6419f87754083e1
[INFO] running `Command { std: "docker" "create" "-v" "/var/lib/crater-agent-workspace/builds/worker-4-tc1/target:/opt/rustwide/target:rw,Z" "-v" "/var/lib/crater-agent-workspace/builds/worker-4-tc1/source:/opt/rustwide/workdir:ro,Z" "-v" "/var/lib/crater-agent-workspace/cargo-home:/opt/rustwide/cargo-home:ro,Z" "-v" "/var/lib/crater-agent-workspace/rustup-home:/opt/rustwide/rustup-home:ro,Z" "-e" "SOURCE_DIR=/opt/rustwide/workdir" "-e" "CARGO_TARGET_DIR=/opt/rustwide/target" "-e" "CARGO_INCREMENTAL=0" "-e" "RUST_BACKTRACE=full" "-e" "RUSTFLAGS=--cap-lints=forbid" "-e" "RUSTDOCFLAGS=--cap-lints=forbid" "-e" "CARGO_HOME=/opt/rustwide/cargo-home" "-e" "RUSTUP_HOME=/opt/rustwide/rustup-home" "-w" "/opt/rustwide/workdir" "-m" "1610612736" "--user" "0:0" "--network" "none" "ghcr.io/rust-lang/crates-build-env/linux@sha256:19e73879b68f455e41552ea35293514db52ea292d993f571636dbffedb77a1ee" "/opt/rustwide/cargo-home/bin/cargo" "+9610dfe5a9a731ced1ea4923ecbd0c57fe367898" "check" "--frozen" "--all" "--all-targets" "--message-format=json", kill_on_drop: false }`
[INFO] [stdout] 0234fb56914bb147e8ca1ea825d94e22b5b88a6ed432c24647f9b369f40bbe76
[INFO] running `Command { std: "docker" "start" "-a" "0234fb56914bb147e8ca1ea825d94e22b5b88a6ed432c24647f9b369f40bbe76", kill_on_drop: false }`
[INFO] [stderr]    Compiling crossbeam-utils v0.8.15
[INFO] [stderr]    Compiling memoffset v0.8.0
[INFO] [stderr]    Compiling crossbeam-epoch v0.9.14
[INFO] [stderr]    Compiling miniz-sys v0.1.12
[INFO] [stderr]    Compiling pkg-config v0.3.27
[INFO] [stderr]    Compiling rayon-core v1.11.0
[INFO] [stderr]     Checking num_cpus v1.15.0
[INFO] [stderr]     Checking either v1.8.1
[INFO] [stderr]    Compiling log v0.4.18
[INFO] [stderr]     Checking time v0.1.45
[INFO] [stderr]     Checking num-traits v0.1.43
[INFO] [stderr]     Checking color_quant v1.1.0
[INFO] [stderr]     Checking bitflags v0.7.0
[INFO] [stderr]     Checking lzw v0.10.0
[INFO] [stderr]     Checking inflate v0.1.1
[INFO] [stderr]     Checking msdos_time v0.1.6
[INFO] [stderr]     Checking enum_primitive v0.1.1
[INFO] [stderr]     Checking rand v0.3.23
[INFO] [stderr]     Checking glob v0.2.11
[INFO] [stderr]     Checking podio v0.1.7
[INFO] [stderr]     Checking gif v0.9.2
[INFO] [stderr]     Checking scoped_threadpool v0.1.9
[INFO] [stderr]     Checking byteorder v0.5.3
[INFO] [stderr]     Checking log v0.3.9
[INFO] [stderr]     Checking crossbeam-channel v0.5.8
[INFO] [stderr]     Checking cgmath v0.9.1
[INFO] [stderr]    Compiling bzip2-sys v0.1.11+1.0.8
[INFO] [stderr]     Checking flate2 v0.2.20
[INFO] [stderr]     Checking crossbeam-deque v0.8.3
[INFO] [stderr]     Checking png v0.5.2
[INFO] [stderr]     Checking rayon v1.7.0
[INFO] [stdout] error[E0369]: binary operation `==` cannot be applied to type `Matrix2<S>`
[INFO] [stdout]    --> /opt/rustwide/cargo-home/registry/src/index.crates.io-6f17d22bba15001f/cgmath-0.9.1/src/rotation.rs:166:5
[INFO] [stdout]     |
[INFO] [stdout] 164 | #[derive(PartialEq, Copy, Clone, RustcEncodable, RustcDecodable)]
[INFO] [stdout]     |          --------- in this derive macro expansion
[INFO] [stdout] 165 | pub struct Basis2<S> {
[INFO] [stdout] 166 |     mat: Matrix2<S>
[INFO] [stdout]     |     ^^^^^^^^^^^^^^^
[INFO] [stdout]     |
[INFO] [stdout]     = note: this error originates in the derive macro `PartialEq` (in Nightly builds, run with -Z macro-backtrace for more info)
[INFO] [stdout] help: consider restricting type parameter `S`
[INFO] [stdout]     |
[INFO] [stdout] 165 | pub struct Basis2<S: std::marker::Copy> {
[INFO] [stdout]     |                    +++++++++++++++++++
[INFO] [stdout] 
[INFO] [stdout] 
[INFO] [stdout] error[E0277]: the trait bound `S: Copy` is not satisfied
[INFO] [stdout]    --> /opt/rustwide/cargo-home/registry/src/index.crates.io-6f17d22bba15001f/cgmath-0.9.1/src/rotation.rs:166:5
[INFO] [stdout]     |
[INFO] [stdout] 164 | #[derive(PartialEq, Copy, Clone, RustcEncodable, RustcDecodable)]
[INFO] [stdout]     |                           ----- in this derive macro expansion
[INFO] [stdout] 165 | pub struct Basis2<S> {
[INFO] [stdout] 166 |     mat: Matrix2<S>
[INFO] [stdout]     |     ^^^^^^^^^^^^^^^ the trait `Copy` is not implemented for `S`
[INFO] [stdout]     |
[INFO] [stdout] note: required for `Matrix2<S>` to implement `Clone`
[INFO] [stdout]    --> /opt/rustwide/cargo-home/registry/src/index.crates.io-6f17d22bba15001f/cgmath-0.9.1/src/matrix.rs:37:16
[INFO] [stdout]     |
[INFO] [stdout] 37  | #[derive(Copy, Clone, PartialEq, RustcEncodable, RustcDecodable)]
[INFO] [stdout]     |                ^^^^^ unsatisfied trait bound introduced in this `derive` macro
[INFO] [stdout]     = note: this error originates in the derive macro `Clone` (in Nightly builds, run with -Z macro-backtrace for more info)
[INFO] [stdout] help: consider restricting type parameter `S`
[INFO] [stdout]     |
[INFO] [stdout] 165 | pub struct Basis2<S: std::marker::Copy> {
[INFO] [stdout]     |                    +++++++++++++++++++
[INFO] [stdout] 
[INFO] [stdout] 
[INFO] [stdout] error[E0277]: the trait bound `S: Copy` is not satisfied
[INFO] [stdout]    --> /opt/rustwide/cargo-home/registry/src/index.crates.io-6f17d22bba15001f/cgmath-0.9.1/src/rotation.rs:166:5
[INFO] [stdout]     |
[INFO] [stdout] 164 | #[derive(PartialEq, Copy, Clone, RustcEncodable, RustcDecodable)]
[INFO] [stdout]     |                                  --------------
[INFO] [stdout]     |                                  |
[INFO] [stdout]     |                                  required by a bound introduced by this call
[INFO] [stdout]     |                                  in this derive macro expansion
[INFO] [stdout] 165 | pub struct Basis2<S> {
[INFO] [stdout] 166 |     mat: Matrix2<S>
[INFO] [stdout]     |     ^^^^^^^^^^^^^^^ the trait `Copy` is not implemented for `S`
[INFO] [stdout]     |
[INFO] [stdout] note: required for `Matrix2<S>` to implement `Encodable`
[INFO] [stdout]    --> /opt/rustwide/cargo-home/registry/src/index.crates.io-6f17d22bba15001f/cgmath-0.9.1/src/matrix.rs:37:34
[INFO] [stdout]     |
[INFO] [stdout] 37  | #[derive(Copy, Clone, PartialEq, RustcEncodable, RustcDecodable)]
[INFO] [stdout]     |                                  ^^^^^^^^^^^^^^ unsatisfied trait bound introduced in this `derive` macro
[INFO] [stdout]     = note: 1 redundant requirement hidden
[INFO] [stdout]     = note: required for `&Matrix2<S>` to implement `Encodable`
[INFO] [stdout]     = note: this error originates in the derive macro `RustcEncodable` (in Nightly builds, run with -Z macro-backtrace for more info)
[INFO] [stdout] help: consider restricting type parameter `S`
[INFO] [stdout]     |
[INFO] [stdout] 165 | pub struct Basis2<S: std::marker::Copy> {
[INFO] [stdout]     |                    +++++++++++++++++++
[INFO] [stdout] 
[INFO] [stdout] 
[INFO] [stdout] error[E0277]: the trait bound `S: Copy` is not satisfied
[INFO] [stdout]    --> /opt/rustwide/cargo-home/registry/src/index.crates.io-6f17d22bba15001f/cgmath-0.9.1/src/rotation.rs:166:5
[INFO] [stdout]     |
[INFO] [stdout] 164 | #[derive(PartialEq, Copy, Clone, RustcEncodable, RustcDecodable)]
[INFO] [stdout]     |                                                  -------------- in this derive macro expansion
[INFO] [stdout] 165 | pub struct Basis2<S> {
[INFO] [stdout] 166 |     mat: Matrix2<S>
[INFO] [stdout]     |     ^^^^^^^^^^^^^^^ the trait `Copy` is not implemented for `S`
[INFO] [stdout]     |
[INFO] [stdout] note: required for `Matrix2<S>` to implement `Decodable`
[INFO] [stdout]    --> /opt/rustwide/cargo-home/registry/src/index.crates.io-6f17d22bba15001f/cgmath-0.9.1/src/matrix.rs:37:50
[INFO] [stdout]     |
[INFO] [stdout] 37  | #[derive(Copy, Clone, PartialEq, RustcEncodable, RustcDecodable)]
[INFO] [stdout]     |                                                  ^^^^^^^^^^^^^^ unsatisfied trait bound introduced in this `derive` macro
[INFO] [stdout]     = note: this error originates in the derive macro `RustcDecodable` (in Nightly builds, run with -Z macro-backtrace for more info)
[INFO] [stdout] help: consider restricting type parameter `S`
[INFO] [stdout]     |
[INFO] [stdout] 165 | pub struct Basis2<S: std::marker::Copy> {
[INFO] [stdout]     |                    +++++++++++++++++++
[INFO] [stdout] 
[INFO] [stdout] 
[INFO] [stdout] error[E0277]: the trait bound `S: Copy` is not satisfied
[INFO] [stdout]    --> /opt/rustwide/cargo-home/registry/src/index.crates.io-6f17d22bba15001f/cgmath-0.9.1/src/rotation.rs:164:50
[INFO] [stdout]     |
[INFO] [stdout] 164 | #[derive(PartialEq, Copy, Clone, RustcEncodable, RustcDecodable)]
[INFO] [stdout]     |                                                  ^^^^^^^^^^^^^^ the trait `Copy` is not implemented for `S`
[INFO] [stdout]     |
[INFO] [stdout] note: required for `Matrix2<S>` to implement `Decodable`
[INFO] [stdout]    --> /opt/rustwide/cargo-home/registry/src/index.crates.io-6f17d22bba15001f/cgmath-0.9.1/src/matrix.rs:37:50
[INFO] [stdout]     |
[INFO] [stdout] 37  | #[derive(Copy, Clone, PartialEq, RustcEncodable, RustcDecodable)]
[INFO] [stdout]     |                                                  ^^^^^^^^^^^^^^ unsatisfied trait bound introduced in this `derive` macro
[INFO] [stdout]     = note: this error originates in the derive macro `RustcDecodable` (in Nightly builds, run with -Z macro-backtrace for more info)
[INFO] [stdout] help: consider restricting type parameter `S`
[INFO] [stdout]     |
[INFO] [stdout] 165 | pub struct Basis2<S: std::marker::Copy> {
[INFO] [stdout]     |                    +++++++++++++++++++
[INFO] [stdout] 
[INFO] [stdout] 
[INFO] [stdout] error[E0369]: binary operation `==` cannot be applied to type `Matrix3<S>`
[INFO] [stdout]    --> /opt/rustwide/cargo-home/registry/src/index.crates.io-6f17d22bba15001f/cgmath-0.9.1/src/rotation.rs:243:5
[INFO] [stdout]     |
[INFO] [stdout] 241 | #[derive(PartialEq, Copy, Clone, RustcEncodable, RustcDecodable)]
[INFO] [stdout]     |          --------- in this derive macro expansion
[INFO] [stdout] 242 | pub struct Basis3<S> {
[INFO] [stdout] 243 |     mat: Matrix3<S>
[INFO] [stdout]     |     ^^^^^^^^^^^^^^^
[INFO] [stdout]     |
[INFO] [stdout]     = note: this error originates in the derive macro `PartialEq` (in Nightly builds, run with -Z macro-backtrace for more info)
[INFO] [stdout] help: consider restricting type parameter `S`
[INFO] [stdout]     |
[INFO] [stdout] 242 | pub struct Basis3<S: std::marker::Copy> {
[INFO] [stdout]     |                    +++++++++++++++++++
[INFO] [stdout] 
[INFO] [stdout] 
[INFO] [stdout] error[E0277]: the trait bound `S: Copy` is not satisfied
[INFO] [stdout]    --> /opt/rustwide/cargo-home/registry/src/index.crates.io-6f17d22bba15001f/cgmath-0.9.1/src/rotation.rs:243:5
[INFO] [stdout]     |
[INFO] [stdout] 241 | #[derive(PartialEq, Copy, Clone, RustcEncodable, RustcDecodable)]
[INFO] [stdout]     |                           ----- in this derive macro expansion
[INFO] [stdout] 242 | pub struct Basis3<S> {
[INFO] [stdout] 243 |     mat: Matrix3<S>
[INFO] [stdout]     |     ^^^^^^^^^^^^^^^ the trait `Copy` is not implemented for `S`
[INFO] [stdout]     |
[INFO] [stdout] note: required for `Matrix3<S>` to implement `Clone`
[INFO] [stdout]    --> /opt/rustwide/cargo-home/registry/src/index.crates.io-6f17d22bba15001f/cgmath-0.9.1/src/matrix.rs:49:16
[INFO] [stdout]     |
[INFO] [stdout] 49  | #[derive(Copy, Clone, PartialEq, RustcEncodable, RustcDecodable)]
[INFO] [stdout]     |                ^^^^^ unsatisfied trait bound introduced in this `derive` macro
[INFO] [stdout]     = note: this error originates in the derive macro `Clone` (in Nightly builds, run with -Z macro-backtrace for more info)
[INFO] [stdout] help: consider restricting type parameter `S`
[INFO] [stdout]     |
[INFO] [stdout] 242 | pub struct Basis3<S: std::marker::Copy> {
[INFO] [stdout]     |                    +++++++++++++++++++
[INFO] [stdout] 
[INFO] [stdout] 
[INFO] [stdout] error[E0277]: the trait bound `S: Copy` is not satisfied
[INFO] [stdout]    --> /opt/rustwide/cargo-home/registry/src/index.crates.io-6f17d22bba15001f/cgmath-0.9.1/src/rotation.rs:243:5
[INFO] [stdout]     |
[INFO] [stdout] 241 | #[derive(PartialEq, Copy, Clone, RustcEncodable, RustcDecodable)]
[INFO] [stdout]     |                                  --------------
[INFO] [stdout]     |                                  |
[INFO] [stdout]     |                                  required by a bound introduced by this call
[INFO] [stdout]     |                                  in this derive macro expansion
[INFO] [stdout] 242 | pub struct Basis3<S> {
[INFO] [stdout] 243 |     mat: Matrix3<S>
[INFO] [stdout]     |     ^^^^^^^^^^^^^^^ the trait `Copy` is not implemented for `S`
[INFO] [stdout]     |
[INFO] [stdout] note: required for `Matrix3<S>` to implement `Encodable`
[INFO] [stdout]    --> /opt/rustwide/cargo-home/registry/src/index.crates.io-6f17d22bba15001f/cgmath-0.9.1/src/matrix.rs:49:34
[INFO] [stdout]     |
[INFO] [stdout] 49  | #[derive(Copy, Clone, PartialEq, RustcEncodable, RustcDecodable)]
[INFO] [stdout]     |                                  ^^^^^^^^^^^^^^ unsatisfied trait bound introduced in this `derive` macro
[INFO] [stdout]     = note: 1 redundant requirement hidden
[INFO] [stdout]     = note: required for `&Matrix3<S>` to implement `Encodable`
[INFO] [stdout]     = note: this error originates in the derive macro `RustcEncodable` (in Nightly builds, run with -Z macro-backtrace for more info)
[INFO] [stdout] help: consider restricting type parameter `S`
[INFO] [stdout]     |
[INFO] [stdout] 242 | pub struct Basis3<S: std::marker::Copy> {
[INFO] [stdout]     |                    +++++++++++++++++++
[INFO] [stdout] 
[INFO] [stdout] 
[INFO] [stdout] error[E0277]: the trait bound `S: Copy` is not satisfied
[INFO] [stdout]    --> /opt/rustwide/cargo-home/registry/src/index.crates.io-6f17d22bba15001f/cgmath-0.9.1/src/rotation.rs:243:5
[INFO] [stdout]     |
[INFO] [stdout] 241 | #[derive(PartialEq, Copy, Clone, RustcEncodable, RustcDecodable)]
[INFO] [stdout]     |                                                  -------------- in this derive macro expansion
[INFO] [stdout] 242 | pub struct Basis3<S> {
[INFO] [stdout] 243 |     mat: Matrix3<S>
[INFO] [stdout]     |     ^^^^^^^^^^^^^^^ the trait `Copy` is not implemented for `S`
[INFO] [stdout]     |
[INFO] [stdout] note: required for `Matrix3<S>` to implement `Decodable`
[INFO] [stdout]    --> /opt/rustwide/cargo-home/registry/src/index.crates.io-6f17d22bba15001f/cgmath-0.9.1/src/matrix.rs:49:50
[INFO] [stdout]     |
[INFO] [stdout] 49  | #[derive(Copy, Clone, PartialEq, RustcEncodable, RustcDecodable)]
[INFO] [stdout]     |                                                  ^^^^^^^^^^^^^^ unsatisfied trait bound introduced in this `derive` macro
[INFO] [stdout]     = note: this error originates in the derive macro `RustcDecodable` (in Nightly builds, run with -Z macro-backtrace for more info)
[INFO] [stdout] help: consider restricting type parameter `S`
[INFO] [stdout]     |
[INFO] [stdout] 242 | pub struct Basis3<S: std::marker::Copy> {
[INFO] [stdout]     |                    +++++++++++++++++++
[INFO] [stdout] 
[INFO] [stdout] 
[INFO] [stdout] error[E0277]: the trait bound `S: Copy` is not satisfied
[INFO] [stdout]    --> /opt/rustwide/cargo-home/registry/src/index.crates.io-6f17d22bba15001f/cgmath-0.9.1/src/rotation.rs:241:50
[INFO] [stdout]     |
[INFO] [stdout] 241 | #[derive(PartialEq, Copy, Clone, RustcEncodable, RustcDecodable)]
[INFO] [stdout]     |                                                  ^^^^^^^^^^^^^^ the trait `Copy` is not implemented for `S`
[INFO] [stdout]     |
[INFO] [stdout] note: required for `Matrix3<S>` to implement `Decodable`
[INFO] [stdout]    --> /opt/rustwide/cargo-home/registry/src/index.crates.io-6f17d22bba15001f/cgmath-0.9.1/src/matrix.rs:49:50
[INFO] [stdout]     |
[INFO] [stdout] 49  | #[derive(Copy, Clone, PartialEq, RustcEncodable, RustcDecodable)]
[INFO] [stdout]     |                                                  ^^^^^^^^^^^^^^ unsatisfied trait bound introduced in this `derive` macro
[INFO] [stdout]     = note: this error originates in the derive macro `RustcDecodable` (in Nightly builds, run with -Z macro-backtrace for more info)
[INFO] [stdout] help: consider restricting type parameter `S`
[INFO] [stdout]     |
[INFO] [stdout] 242 | pub struct Basis3<S: std::marker::Copy> {
[INFO] [stdout]     |                    +++++++++++++++++++
[INFO] [stdout] 
[INFO] [stdout] 
[INFO] [stdout] error[E0277]: the trait bound `S: Copy` is not satisfied
[INFO] [stdout]    --> /opt/rustwide/cargo-home/registry/src/index.crates.io-6f17d22bba15001f/cgmath-0.9.1/src/transform.rs:171:5
[INFO] [stdout]     |
[INFO] [stdout] 169 | #[derive(Copy, Clone, RustcEncodable, RustcDecodable)]
[INFO] [stdout]     |                ----- in this derive macro expansion
[INFO] [stdout] 170 | pub struct AffineMatrix3<S> {
[INFO] [stdout] 171 |     pub mat: Matrix4<S>,
[INFO] [stdout]     |     ^^^^^^^^^^^^^^^^^^^ the trait `Copy` is not implemented for `S`
[INFO] [stdout]     |
[INFO] [stdout] note: required for `Matrix4<S>` to implement `Clone`
[INFO] [stdout]    --> /opt/rustwide/cargo-home/registry/src/index.crates.io-6f17d22bba15001f/cgmath-0.9.1/src/matrix.rs:63:16
[INFO] [stdout]     |
[INFO] [stdout] 63  | #[derive(Copy, Clone, PartialEq, RustcEncodable, RustcDecodable)]
[INFO] [stdout]     |                ^^^^^ unsatisfied trait bound introduced in this `derive` macro
[INFO] [stdout]     = note: this error originates in the derive macro `Clone` (in Nightly builds, run with -Z macro-backtrace for more info)
[INFO] [stdout] help: consider restricting type parameter `S`
[INFO] [stdout]     |
[INFO] [stdout] 170 | pub struct AffineMatrix3<S: std::marker::Copy> {
[INFO] [stdout]     |                           +++++++++++++++++++
[INFO] [stdout] 
[INFO] [stdout] 
[INFO] [stdout] error[E0277]: the trait bound `S: Copy` is not satisfied
[INFO] [stdout]    --> /opt/rustwide/cargo-home/registry/src/index.crates.io-6f17d22bba15001f/cgmath-0.9.1/src/transform.rs:171:5
[INFO] [stdout]     |
[INFO] [stdout] 169 | #[derive(Copy, Clone, RustcEncodable, RustcDecodable)]
[INFO] [stdout]     |                       --------------
[INFO] [stdout]     |                       |
[INFO] [stdout]     |                       required by a bound introduced by this call
[INFO] [stdout]     |                       in this derive macro expansion
[INFO] [stdout] 170 | pub struct AffineMatrix3<S> {
[INFO] [stdout] 171 |     pub mat: Matrix4<S>,
[INFO] [stdout]     |     ^^^^^^^^^^^^^^^^^^^ the trait `Copy` is not implemented for `S`
[INFO] [stdout]     |
[INFO] [stdout] note: required for `Matrix4<S>` to implement `Encodable`
[INFO] [stdout]    --> /opt/rustwide/cargo-home/registry/src/index.crates.io-6f17d22bba15001f/cgmath-0.9.1/src/matrix.rs:63:34
[INFO] [stdout]     |
[INFO] [stdout] 63  | #[derive(Copy, Clone, PartialEq, RustcEncodable, RustcDecodable)]
[INFO] [stdout]     |                                  ^^^^^^^^^^^^^^ unsatisfied trait bound introduced in this `derive` macro
[INFO] [stdout]     = note: 1 redundant requirement hidden
[INFO] [stdout]     = note: required for `&Matrix4<S>` to implement `Encodable`
[INFO] [stdout]     = note: this error originates in the derive macro `RustcEncodable` (in Nightly builds, run with -Z macro-backtrace for more info)
[INFO] [stdout] help: consider restricting type parameter `S`
[INFO] [stdout]     |
[INFO] [stdout] 170 | pub struct AffineMatrix3<S: std::marker::Copy> {
[INFO] [stdout]     |                           +++++++++++++++++++
[INFO] [stdout] 
[INFO] [stdout] 
[INFO] [stdout] error[E0277]: the trait bound `S: Copy` is not satisfied
[INFO] [stdout]    --> /opt/rustwide/cargo-home/registry/src/index.crates.io-6f17d22bba15001f/cgmath-0.9.1/src/transform.rs:171:5
[INFO] [stdout]     |
[INFO] [stdout] 169 | #[derive(Copy, Clone, RustcEncodable, RustcDecodable)]
[INFO] [stdout]     |                                       -------------- in this derive macro expansion
[INFO] [stdout] 170 | pub struct AffineMatrix3<S> {
[INFO] [stdout] 171 |     pub mat: Matrix4<S>,
[INFO] [stdout]     |     ^^^^^^^^^^^^^^^^^^^ the trait `Copy` is not implemented for `S`
[INFO] [stdout]     |
[INFO] [stdout] note: required for `Matrix4<S>` to implement `Decodable`
[INFO] [stdout]    --> /opt/rustwide/cargo-home/registry/src/index.crates.io-6f17d22bba15001f/cgmath-0.9.1/src/matrix.rs:63:50
[INFO] [stdout]     |
[INFO] [stdout] 63  | #[derive(Copy, Clone, PartialEq, RustcEncodable, RustcDecodable)]
[INFO] [stdout]     |                                                  ^^^^^^^^^^^^^^ unsatisfied trait bound introduced in this `derive` macro
[INFO] [stdout]     = note: this error originates in the derive macro `RustcDecodable` (in Nightly builds, run with -Z macro-backtrace for more info)
[INFO] [stdout] help: consider restricting type parameter `S`
[INFO] [stdout]     |
[INFO] [stdout] 170 | pub struct AffineMatrix3<S: std::marker::Copy> {
[INFO] [stdout]     |                           +++++++++++++++++++
[INFO] [stdout] 
[INFO] [stdout] 
[INFO] [stdout] error[E0277]: the trait bound `S: Copy` is not satisfied
[INFO] [stdout]    --> /opt/rustwide/cargo-home/registry/src/index.crates.io-6f17d22bba15001f/cgmath-0.9.1/src/transform.rs:169:39
[INFO] [stdout]     |
[INFO] [stdout] 169 | #[derive(Copy, Clone, RustcEncodable, RustcDecodable)]
[INFO] [stdout]     |                                       ^^^^^^^^^^^^^^ the trait `Copy` is not implemented for `S`
[INFO] [stdout]     |
[INFO] [stdout] note: required for `Matrix4<S>` to implement `Decodable`
[INFO] [stdout]    --> /opt/rustwide/cargo-home/registry/src/index.crates.io-6f17d22bba15001f/cgmath-0.9.1/src/matrix.rs:63:50
[INFO] [stdout]     |
[INFO] [stdout] 63  | #[derive(Copy, Clone, PartialEq, RustcEncodable, RustcDecodable)]
[INFO] [stdout]     |                                                  ^^^^^^^^^^^^^^ unsatisfied trait bound introduced in this `derive` macro
[INFO] [stdout]     = note: this error originates in the derive macro `RustcDecodable` (in Nightly builds, run with -Z macro-backtrace for more info)
[INFO] [stdout] help: consider restricting type parameter `S`
[INFO] [stdout]     |
[INFO] [stdout] 170 | pub struct AffineMatrix3<S: std::marker::Copy> {
[INFO] [stdout]     |                           +++++++++++++++++++
[INFO] [stdout] 
[INFO] [stdout] 
[INFO] [stdout] error[E0277]: the trait bound `S: Copy` is not satisfied
[INFO] [stdout]   --> /opt/rustwide/cargo-home/registry/src/index.crates.io-6f17d22bba15001f/cgmath-0.9.1/src/projection.rs:71:5
[INFO] [stdout]    |
[INFO] [stdout] 69 | #[derive(Copy, Clone, Debug, PartialEq, RustcEncodable, RustcDecodable)]
[INFO] [stdout]    |                ----- in this derive macro expansion
[INFO] [stdout] 70 | pub struct PerspectiveFov<S> {
[INFO] [stdout] 71 |     pub fovy:   Rad<S>,
[INFO] [stdout]    |     ^^^^^^^^^^^^^^^^^^ the trait `Copy` is not implemented for `S`
[INFO] [stdout]    |
[INFO] [stdout] note: required for `Rad<S>` to implement `Clone`
[INFO] [stdout]   --> /opt/rustwide/cargo-home/registry/src/index.crates.io-6f17d22bba15001f/cgmath-0.9.1/src/angle.rs:36:16
[INFO] [stdout]    |
[INFO] [stdout] 36 | #[derive(Copy, Clone, PartialEq, PartialOrd, RustcEncodable, RustcDecodable)]
[INFO] [stdout]    |                ^^^^^ unsatisfied trait bound introduced in this `derive` macro
[INFO] [stdout]    = note: this error originates in the derive macro `Clone` (in Nightly builds, run with -Z macro-backtrace for more info)
[INFO] [stdout] help: consider restricting type parameter `S`
[INFO] [stdout]    |
[INFO] [stdout] 70 | pub struct PerspectiveFov<S: std::marker::Copy> {
[INFO] [stdout]    |                            +++++++++++++++++++
[INFO] [stdout] 
[INFO] [stdout] 
[INFO] [stdout] error[E0369]: binary operation `==` cannot be applied to type `Rad<S>`
[INFO] [stdout]   --> /opt/rustwide/cargo-home/registry/src/index.crates.io-6f17d22bba15001f/cgmath-0.9.1/src/projection.rs:71:5
[INFO] [stdout]    |
[INFO] [stdout] 69 | #[derive(Copy, Clone, Debug, PartialEq, RustcEncodable, RustcDecodable)]
[INFO] [stdout]    |                              --------- in this derive macro expansion
[INFO] [stdout] 70 | pub struct PerspectiveFov<S> {
[INFO] [stdout] 71 |     pub fovy:   Rad<S>,
[INFO] [stdout]    |     ^^^^^^^^^^^^^^^^^^
[INFO] [stdout]    |
[INFO] [stdout]    = note: this error originates in the derive macro `PartialEq` (in Nightly builds, run with -Z macro-backtrace for more info)
[INFO] [stdout] help: consider restricting type parameter `S`
[INFO] [stdout]    |
[INFO] [stdout] 70 | pub struct PerspectiveFov<S: std::marker::Copy> {
[INFO] [stdout]    |                            +++++++++++++++++++
[INFO] [stdout] 
[INFO] [stdout] 
[INFO] [stdout] error[E0277]: the trait bound `S: Copy` is not satisfied
[INFO] [stdout]   --> /opt/rustwide/cargo-home/registry/src/index.crates.io-6f17d22bba15001f/cgmath-0.9.1/src/projection.rs:71:5
[INFO] [stdout]    |
[INFO] [stdout] 69 | #[derive(Copy, Clone, Debug, PartialEq, RustcEncodable, RustcDecodable)]
[INFO] [stdout]    |                                         --------------
[INFO] [stdout]    |                                         |
[INFO] [stdout]    |                                         required by a bound introduced by this call
[INFO] [stdout]    |                                         in this derive macro expansion
[INFO] [stdout] 70 | pub struct PerspectiveFov<S> {
[INFO] [stdout] 71 |     pub fovy:   Rad<S>,
[INFO] [stdout]    |     ^^^^^^^^^^^^^^^^^^ the trait `Copy` is not implemented for `S`
[INFO] [stdout]    |
[INFO] [stdout] note: required for `Rad<S>` to implement `Encodable`
[INFO] [stdout]   --> /opt/rustwide/cargo-home/registry/src/index.crates.io-6f17d22bba15001f/cgmath-0.9.1/src/angle.rs:36:46
[INFO] [stdout]    |
[INFO] [stdout] 36 | #[derive(Copy, Clone, PartialEq, PartialOrd, RustcEncodable, RustcDecodable)]
[INFO] [stdout]    |                                              ^^^^^^^^^^^^^^ unsatisfied trait bound introduced in this `derive` macro
[INFO] [stdout]    = note: 1 redundant requirement hidden
[INFO] [stdout]    = note: required for `&Rad<S>` to implement `Encodable`
[INFO] [stdout]    = note: this error originates in the derive macro `RustcEncodable` (in Nightly builds, run with -Z macro-backtrace for more info)
[INFO] [stdout] help: consider restricting type parameter `S`
[INFO] [stdout]    |
[INFO] [stdout] 70 | pub struct PerspectiveFov<S: std::marker::Copy> {
[INFO] [stdout]    |                            +++++++++++++++++++
[INFO] [stdout] 
[INFO] [stdout] 
[INFO] [stdout] error[E0277]: the trait bound `S: Copy` is not satisfied
[INFO] [stdout]   --> /opt/rustwide/cargo-home/registry/src/index.crates.io-6f17d22bba15001f/cgmath-0.9.1/src/projection.rs:71:5
[INFO] [stdout]    |
[INFO] [stdout] 69 | #[derive(Copy, Clone, Debug, PartialEq, RustcEncodable, RustcDecodable)]
[INFO] [stdout]    |                                                         -------------- in this derive macro expansion
[INFO] [stdout] 70 | pub struct PerspectiveFov<S> {
[INFO] [stdout] 71 |     pub fovy:   Rad<S>,
[INFO] [stdout]    |     ^^^^^^^^^^^^^^^^^^ the trait `Copy` is not implemented for `S`
[INFO] [stdout]    |
[INFO] [stdout] note: required for `Rad<S>` to implement `Decodable`
[INFO] [stdout]   --> /opt/rustwide/cargo-home/registry/src/index.crates.io-6f17d22bba15001f/cgmath-0.9.1/src/angle.rs:36:62
[INFO] [stdout]    |
[INFO] [stdout] 36 | #[derive(Copy, Clone, PartialEq, PartialOrd, RustcEncodable, RustcDecodable)]
[INFO] [stdout]    |                                                              ^^^^^^^^^^^^^^ unsatisfied trait bound introduced in this `derive` macro
[INFO] [stdout]    = note: this error originates in the derive macro `RustcDecodable` (in Nightly builds, run with -Z macro-backtrace for more info)
[INFO] [stdout] help: consider restricting type parameter `S`
[INFO] [stdout]    |
[INFO] [stdout] 70 | pub struct PerspectiveFov<S: std::marker::Copy> {
[INFO] [stdout]    |                            +++++++++++++++++++
[INFO] [stdout] 
[INFO] [stdout] 
[INFO] [stdout] error[E0277]: the trait bound `S: Copy` is not satisfied
[INFO] [stdout]   --> /opt/rustwide/cargo-home/registry/src/index.crates.io-6f17d22bba15001f/cgmath-0.9.1/src/projection.rs:69:57
[INFO] [stdout]    |
[INFO] [stdout] 69 | #[derive(Copy, Clone, Debug, PartialEq, RustcEncodable, RustcDecodable)]
[INFO] [stdout]    |                                                         ^^^^^^^^^^^^^^ the trait `Copy` is not implemented for `S`
[INFO] [stdout]    |
[INFO] [stdout] note: required for `Rad<S>` to implement `Decodable`
[INFO] [stdout]   --> /opt/rustwide/cargo-home/registry/src/index.crates.io-6f17d22bba15001f/cgmath-0.9.1/src/angle.rs:36:62
[INFO] [stdout]    |
[INFO] [stdout] 36 | #[derive(Copy, Clone, PartialEq, PartialOrd, RustcEncodable, RustcDecodable)]
[INFO] [stdout]    |                                                              ^^^^^^^^^^^^^^ unsatisfied trait bound introduced in this `derive` macro
[INFO] [stdout]    = note: this error originates in the derive macro `RustcDecodable` (in Nightly builds, run with -Z macro-backtrace for more info)
[INFO] [stdout] help: consider restricting type parameter `S`
[INFO] [stdout]    |
[INFO] [stdout] 70 | pub struct PerspectiveFov<S: std::marker::Copy> {
[INFO] [stdout]    |                            +++++++++++++++++++
[INFO] [stdout] 
[INFO] [stdout] 
[INFO] [stdout] error: aborting due to 19 previous errors
[INFO] [stdout] 
[INFO] [stdout] 
[INFO] [stdout] Some errors have detailed explanations: E0277, E0369.
[INFO] [stdout] 
[INFO] [stdout] For more information about an error, try `rustc --explain E0277`.
[INFO] [stdout] 
[INFO] [stderr] error: could not compile `cgmath` (lib) due to 20 previous errors
[INFO] [stderr] warning: build failed, waiting for other jobs to finish...
[INFO] running `Command { std: "docker" "inspect" "0234fb56914bb147e8ca1ea825d94e22b5b88a6ed432c24647f9b369f40bbe76", kill_on_drop: false }`
[INFO] running `Command { std: "docker" "rm" "-f" "0234fb56914bb147e8ca1ea825d94e22b5b88a6ed432c24647f9b369f40bbe76", kill_on_drop: false }`
[INFO] [stdout] 0234fb56914bb147e8ca1ea825d94e22b5b88a6ed432c24647f9b369f40bbe76
